 by 11.
8
Calculate the remainder when 1602 is divided by 108.
90
Calculate the remainder when 1241 is divided by 620.
1
Calculate the remainder when 4642 is divided by 172.
170
Calculate the remainder when 4391 is divided by 36.
35
Calculate the remainder when 21725 is divided by 56.
53
What is the remainder when 3322 is divided by 660?
22
What is the remainder when 309 is divided by 186?
123
Calculate the remainder when 99 is divided by 48.
3
What is the remainder when 1654 is divided by 49?
37
What is the remainder when 434 is divided by 60?
14
What is the remainder when 739 is divided by 101?
32
Calculate the remainder when 366 is divided by 95.
81
Calculate the remainder when 1825 is divided by 5.
0
What is the remainder when 132 is divided by 40?
12
Calculate the remainder when 1586 is divided by 69.
68
Calculate the remainder when 50000 is divided by 21.
20
What is the remainder when 2040 is divided by 256?
248
What is the remainder when 33 is divided by 3?
0
Calculate the remainder when 4490 is divided by 60.
50
Calculate the remainder when 17008 is divided by 35.
33
What is the remainder when 582 is divided by 57?
12
What is the remainder when 5902 is divided by 2939?
24
What is the remainder when 31 is divided by 26?
5
Calculate the remainder when 680 is divided by 229.
222
What is the remainder when 1135 is divided by 2?
1
What is the remainder when 113 is divided by 29?
26
What is the remainder when 768 is divided by 5?
3
What is the remainder when 99 is divided by 50?
49
What is the remainder when 3615 is divided by 200?
15
Calculate the remainder when 11 is divided by 11.
0
What is the remainder when 158 is divided by 4?
2
Calculate the remainder when 2095 is divided by 233.
231
What is the remainder when 55 is divided by 34?
21
What is the remainder when 524 is divided by 265?
259
Calculate the remainder when 683 is divided by 36.
35
Calculate the remainder when 6278 is divided by 24.
14
What is the remainder when 2132 is divided by 423?
17
What is the remainder when 2446 is divided by 34?
32
What is the remainder when 194 is divided by 22?
18
Calculate the remainder when 619 is divided by 16.
11
Calculate the remainder when 3372 is divided by 29.
8
What is the remainder when 164 is divided by 14?
10
What is the remainder when 6756 is divided by 37?
22
What is the remainder when 809 is divided by 29?
26
Calculate the remainder when 53 is divided by 35.
18
Calculate the remainder when 926 is divided by 105.
86
What is the remainder when 960 is divided by 274?
138
Calculate the remainder when 218 is divided by 76.
66
What is the remainder when 1359 is divided by 34?
33
What is the remainder when 84 is divided by 58?
26
Calculate the remainder when 192 is divided by 40.
32
Calculate the remainder when 354 is divided by 300.
54
Calculate the remainder when 82 is divided by 42.
40
Calculate the remainder when 11422 is divided by 119.
117
What is the remainder when 256 is divided by 24?
16
What is the remainder when 462 is divided by 15?
12
What is the remainder when 356 is divided by 81?
32
Calculate the remainder when 550 is divided by 432.
118
Calculate the remainder when 3077 is divided by 114.
113
What is the remainder when 2062 is divided by 39?
34
What is the remainder when 617 is divided by 103?
102
Calculate the remainder when 1109 is divided by 126.
101
Calculate the remainder when 5565 is divided by 793.
14
Calculate the remainder when 2638 is divided by 44.
42
Calculate the remainder when 202 is divided by 24.
10
What is the remainder when 12293 is divided by 86?
81
Calculate the remainder when 215 is divided by 17.
11
What is the remainder when 2183 is divided by 26?
25
Calculate the remainder when 2475 is divided by 108.
99
Calculate the remainder when 487 is divided by 19.
12
What is the remainder when 7293 is divided by 50?
43
Calculate the remainder when 193 is divided by 28.
25
Calculate the remainder when 151 is divided by 33.
19
Calculate the remainder when 3704 is divided by 34.
32
What is the remainder when 533 is divided by 136?
125
What is the remainder when 291 is divided by 100?
91
What is the remainder when 57 is divided by 6?
3
Calculate the remainder when 6269 is divided by 38.
37
Calculate the remainder when 106 is divided by 9.
7
Calculate the remainder when 155 is divided by 30.
5
What is the remainder when 4740 is divided by 72?
60
Calculate the remainder when 45834 is divided by 99.
96
What is the remainder when 1317 is divided by 51?
42
Calculate the remainder when 1497 is divided by 79.
75
Calculate the remainder when 4063 is divided by 107.
104
Calculate the remainder when 243 is divided by 49.
47
Calculate the remainder when 6622 is divided by 85.
77
Calculate the remainder when 26252 is divided by 9.
8
What is the remainder when 228 is divided by 194?
34
What is the remainder when 1272 is divided by 22?
18
Calculate the remainder when 228 is divided by 215.
13
What is the remainder when 804 is divided by 6?
0
What is the remainder when 42 is divided by 15?
12
Calculate the remainder when 1839 is divided by 5.
4
Calculate the remainder when 477 is divided by 5.
2
What is the remainder when 34 is divided by 4?
2
What is the remainder when 53 is divided by 9?
8
What is the remainder when 119 is divided by 40?
39
What is the remainder when 3345 is divided by 477?
6
Calculate the remainder when 436 is divided by 155.
126
What is the remainder when 156 is divided by 12?
0
What is the remainder when 319 is divided by 243?
76
What is the remainder when 374 is divided by 47?
45
Calculate the remainder when 57 is divided by 37.
20
What is the remainder when 899 is divided by 113?
108
What is the remainder when 614 is divided by 77?
75
What is the remainder when 77 is divided by 14?
7
What is the remainder when 221 is divided by 56?
53
Calculate the remainder when 1189 is divided by 106.
23
Calculate the remainder when 23 is divided by 20.
3
What is the remainder when 863 is divided by 276?
35
Calculate the remainder when 1985 is divided by 658.
11
What is the remainder when 5534 is divided by 13?
9
Calculate the remainder when 475 is divided by 159.
157
Calculate the remainder when 1989 is divided by 133.
127
Calculate the remainder when 298 is divided by 23.
22
Calculate the remainder when 18 is divided by 14.
4
Calculate the remainder when 359 is divided by 30.
29
What is the remainder when 2605 is divided by 174?
169
Calculate the remainder when 18503 is divided by 9.
8
What is the remainder when 257 is divided by 29?
25
Calculate the remainder when 1416 is divided by 33.
30
What is the remainder when 226 is divided by 61?
43
What is the remainder when 72 is divided by 58?
14
Calculate the remainder when 48 is divided by 20.
8
Calculate the remainder when 173 is divided by 25.
23
What is the remainder when 777 is divided by 60?
57
Calculate the remainder when 178 is divided by 39.
22
What is the remainder when 140 is divided by 50?
40
Calculate the remainder when 538 is divided by 54.
52
What is the remainder when 65 is divided by 17?
14
Calculate the remainder when 46 is divided by 14.
4
What is the remainder when 126 is divided by 15?
6
What is the remainder when 331 is divided by 67?
63
What is the remainder when 78 is divided by 65?
13
What is the remainder when 876 is divided by 46?
2
What is the remainder when 3022 is divided by 288?
142
Calculate the remainder when 345 is divided by 76.
41
What is the remainder when 114 is divided by 11?
4
Calculate the remainder when 20 is divided by 13.
7
What is the remainder when 213 is divided by 58?
39
What is the remainder when 138 is divided by 52?
34
Calculate the remainder when 120 is divided by 18.
12
What is the remainder when 574 is divided by 127?
66
What is the remainder when 105 is divided by 60?
45
Calculate the remainder when 935 is divided by 261.
152
What is the remainder when 579 is divided by 228?
123
What is the remainder when 263 is divided by 14?
11
What is the remainder when 190 is divided by 25?
15
What is the remainder when 430 is divided by 36?
34
Calculate the remainder when 478 is divided by 23.
18
What is the remainder when 438 is divided by 11?
9
Calculate the remainder when 511 is divided by 5.
1
What is the remainder when 1